and 78?
26
What is the greatest common factor of 33785 and 280765?
1165
Calculate the highest common divisor of 1603262780 and 140.
140
Calculate the highest common factor of 686470 and 1330.
190
What is the highest common factor of 354 and 14449749?
177
Calculate the greatest common divisor of 5214924 and 165.
33
Calculate the highest common factor of 402 and 62278443.
201
Calculate the greatest common divisor of 2109 and 28954461.
2109
What is the highest common divisor of 98825 and 5931175?
1675
What is the greatest common divisor of 577 and 339086167?
577
What is the greatest common factor of 855353 and 22936?
47
What is the highest common factor of 486292 and 210877?
61
Calculate the highest common factor of 63614408 and 264.
88
What is the highest common divisor of 102457218 and 629?
37
What is the highest common factor of 1327000752 and 1107?
1107
What is the greatest common factor of 961 and 374289319?
961
Calculate the greatest common divisor of 17714755 and 65.
5
Calculate the greatest common divisor of 8624 and 28972328.
4312
Calculate the greatest common factor of 23170825 and 44822.
307
Calculate the greatest common divisor of 235450670 and 60.
10
Calculate the greatest common factor of 47478891 and 228.
57
Calculate the highest common factor of 6 and 27573514.
2
What is the highest common divisor of 119418 and 59254?
26
What is the highest common divisor of 11874075 and 28050?
1275
Calculate the highest common divisor of 155489958 and 57.
57
What is the greatest common factor of 8102 and 88959960?
8102
What is the highest common factor of 16452 and 546336?
36
What is the greatest common divisor of 23690 and 193706?
46
What is the greatest common divisor of 385056 and 10538616?
4584
What is the highest common divisor of 962950800 and 1416?
1416
What is the highest common divisor of 401328 and 2214?
54
Calculate the highest common divisor of 309054 and 689358.
114
What is the highest common factor of 213 and 27325983?
213
Calculate the greatest common divisor of 135324 and 1166508.
756
Calculate the greatest common divisor of 111 and 860415279.
111
What is the greatest common factor of 2 and 20875792?
2
Calculate the greatest common divisor of 350 and 203038955.
35
Calculate the greatest common factor of 30562384 and 8200.
328
Calculate the greatest common divisor of 297433 and 5660.
283
Calculate the highest common divisor of 132871 and 2385.
53
Calculate the highest common divisor of 2191687 and 8.
1
Calculate the highest common factor of 9223 and 2114473.
401
What is the greatest common divisor of 1584298 and 13294?
578
Calculate the greatest common divisor of 610944 and 648.
24
Calculate the greatest common divisor of 319 and 20670446.
29
Calculate the highest common factor of 982358 and 52.
26
Calculate the highest common factor of 240 and 6952896.
48
Calculate the highest common factor of 123464 and 272052.
44
What is the greatest common factor of 1301 and 348208747?
1301
What is the greatest common divisor of 71680 and 48860?
140
Calculate the highest common divisor of 5460546831 and 843.
843
What is the highest common factor of 422740992 and 120?
24
Calculate the highest common factor of 20541 and 2277222.
123
What is the highest common factor of 10152 and 6399?
27
Calculate the highest common factor of 98059155 and 2820.
705
Calculate the highest common divisor of 7364836 and 5214908.
8884
Calculate the greatest common factor of 8031 and 31122802.
2677
Calculate the highest common factor of 258 and 8474870.
86
Calculate the highest common divisor of 3475 and 21911960.
695
What is the greatest common factor of 1731681 and 378?
63
Calculate the highest common divisor of 33656 and 8862.
14
What is the highest common factor of 435 and 68705785?
145
Calculate the greatest common factor of 5819273 and 586.
293
What is the greatest common divisor of 13043862 and 3?
3
Calculate the greatest common divisor of 9748750 and 30.
10
What is the highest common factor of 44877507 and 6759?
2253
What is the highest common divisor of 357398 and 64574?
166
What is the greatest common divisor of 60176667 and 95?
19
What is the greatest common divisor of 41500888 and 143?
143
Calculate the greatest common factor of 531735372 and 3357.
3357
What is the greatest common factor of 5891 and 2573335?
43
Calculate the highest common factor of 58322 and 197138.
482
Calculate the highest common factor of 9202 and 12825782.
86
Calculate the greatest common factor of 1165 and 45901.
233
What is the highest common factor of 4244256 and 3024?
144
What is the greatest common factor of 228 and 1187823?
57
What is the highest common factor of 56286 and 7356771?
477
Calculate the greatest common divisor of 36754 and 630411.
799
Calculate the highest common divisor of 52995632 and 48.
16
What is the highest common factor of 24323455 and 41?
41
What is the greatest common divisor of 62 and 35690300?
62
Calculate the greatest common factor of 1995 and 44085.
15
What is the highest common divisor of 7949688 and 6672?
3336
What is the greatest common factor of 31773 and 256587?
267
Calculate the highest common factor of 120975 and 92200.
25
Calculate the highest common factor of 14120 and 8024396.
1412
Calculate the greatest common divisor of 702 and 240930.
18
Calculate the greatest common divisor of 834470 and 6105190.
910
What is the greatest common divisor of 644 and 936537?
161
Calculate the greatest common divisor of 385671 and 924.
33
Calculate the greatest common factor of 311448 and 391359.
2049
What is the greatest common divisor of 576086406 and 84?
42
Calculate the highest common factor of 1246593778 and 2978.
2978
What is the highest common factor of 199448 and 703427?
233
What is the highest common factor of 38441621 and 1355?
271
What is the highest common factor of 864 and 151165536?
96
Calculate the highest common divisor of 485 and 11253575.
5
What is the greatest common divisor of 512277952 and 1432?
1432
What is the highest common factor of 246067752 and 48?
24
What is the greatest common divisor of 3714436194 and 42?
42
What is the highest common factor of 2213693050 and 3050?
3050
Calculate the highest common factor of 33696 and 3566862.
702
Calculate the highest common divisor of 21208838 and 238.
14
Calculate the greatest common divisor of 27886 and 2004507.
73
What is the greatest common divisor of 160 and 24403920?
80
Calculate the greatest common factor of 21 and 406217.
7
Calculate the highest common factor of 22227 and 684735.
717
Calculate the highest common divisor of 15062 and 248013.
17
What is the highest common factor of 312 and 52968344?
104
Calculate the greatest common divisor of 297304803 and 11772.
2943
Calculate the greatest common factor of 130624 and 85154602.
4082
What is the greatest common factor of 176899234 and 36290?
7258
Calculate the highest common divisor of 24328018 and 4810.
962
What is the greatest common factor of 51015611 and 58?
29
What is the greatest common divisor of 777612 and 22?
22
Calculate the highest common factor of 931105 and 2905.
35
Calculate the greatest common factor of 1196397 and 611010.
1971
What is the highest common factor of 47908989 and 81?
81
Calculate the highest common factor of 1568185 and 20.
5
What is the highest common factor of 60 and 140285820?
60
Calculate the greatest common factor of 4582 and 12354.
58
Calculate the greatest common factor of 559585 and 30095.
65
What is the greatest common divisor of 338607265 and 10695?
3565
What is the highest common divisor of 494 and 2515201?
247
Calculate the greatest common divisor of 124688 and 1648.
16
Calculate the highest common divisor of 742 and 7108346.
14
What is the highest common divisor of 5777839 and 127625?
1021
What is the highest common divisor of 47 and 11617?
1
Calculate the highest common divisor of 29287911 and 1608.
201
What is the highest common divisor of 644094710 and 490?
490
What is the greatest common divisor of 69084053 and 2647?
2647
What is the highest common factor of 171415237 and 226?
113
What is the highest common factor of 16451877 and 78?
39
What is the highest common divisor of 4336 and 655549?
271
What is the greatest common factor of 1037212 and 850872?
484
Calculate the greatest common factor